55529 composite?
False
Is 133595573 a prime number?
False
Is 3211177 composite?
True
Is 279828587 a composite number?
False
Is 5045113 prime?
True
Is 4350761 composite?
False
Is 975181 a composite number?
False
Is 206879 a composite number?
False
Is 241859851 prime?
True
Is 662349327 prime?
False
Is 20746469 prime?
False
Is 462811 a composite number?
True
Is 9723617 a prime number?
True
Is 545485 prime?
False
Is 922973 a prime number?
True
Is 1379447 a prime number?
True
Is 40758995 a prime number?
False
Is 547709 a composite number?
False
Is 232334 composite?
True
Is 75665279 prime?
True
Is 7372667 a prime number?
True
Is 14521597 composite?
True
Is 60903481 composite?
True
Is 54001619 a composite number?
True
Is 3977381 a composite number?
False
Is 70585121 composite?
False
Is 42383918 a composite number?
True
Is 14078209 composite?
False
Is 6103511 a prime number?
True
Is 9263395 prime?
False
Is 474261026 a composite number?
True
Is 761249 prime?
True
Is 125096051 a prime number?
True
Is 7525685 a prime number?
False
Is 19048121 composite?
False
Is 287924129 composite?
False
Is 31783279 a prime number?
False
Is 20014699 prime?
False
Is 70047023 a prime number?
False
Is 2982097 a prime number?
True
Is 13553963 prime?
False
Is 754333 a composite number?
False
Is 100261549 a composite number?
False
Is 9493397 a prime number?
False
Is 131907889 composite?
False
Is 592812313 composite?
False
Is 493001 a prime number?
True
Is 57292745 composite?
True
Is 9495359 composite?
False
Is 1779497 a prime number?
True
Is 2313007 a composite number?
False
Is 176395 prime?
False
Is 16145911 prime?
False
Is 1046873 a prime number?
False
Is 5388233 prime?
False
Is 92434679 prime?
False
Is 59286181 prime?
True
Is 31144711 a composite number?
True
Is 1938667 a composite number?
True
Is 28165399 a prime number?
False
Is 128657 a composite number?
False
Is 703379 a composite number?
False
Is 2803121 composite?
False
Is 88651007 a composite number?
False
Is 2277659 a composite number?
False
Is 3701653 a composite number?
False
Is 196166429 composite?
True
Is 48152941 a composite number?
False
Is 1090841 composite?
False
Is 42962929 a prime number?
True
Is 2942477 composite?
False
Is 5849623 prime?
False
Is 994363 a composite number?
False
Is 2520577 a composite number?
False
Is 6921286 a composite number?
True
Is 460558299 prime?
False
Is 7422329 a prime number?
False
Is 2343293 composite?
False
Is 15650219 composite?
True
Is 120641 prime?
True
Is 56681399 a prime number?
False
Is 204473411 a prime number?
False
Is 23018869 prime?
False
Is 1719429211 prime?
True
Is 771301987 composite?
True
Is 39917737 composite?
False
Is 1943629 a prime number?
True
Is 5932133 a prime number?
False
Is 567859 a composite number?
True
Is 45775619 prime?
False
Is 33807386 prime?
False
Is 1469579 composite?
True
Is 490711 a composite number?
True
Is 1146133 a prime number?
True
Is 3876403 a composite number?
False
Is 262007591 a prime number?
True
Is 280751 prime?
True
Is 1860337 prime?
True
Is 17560493 a prime number?
False
Is 4891063 a prime number?
True
Is 11287351 a composite number?
True
Is 303320279 prime?
True
Is 341689561 prime?
False
Is 15166145 prime?
False
Is 5829823 composite?
False
Is 2984606 prime?
False
Is 8379373 a composite number?
False
Is 438241 a prime number?
True
Is 9863647 a composite number?
False
Is 2288953 composite?
False
Is 136269565 composite?
True
Is 44910142 prime?
False
Is 133449 a prime number?
False
Is 5659501 a prime number?
False
Is 14869649 a composite number?
False
Is 17650001 composite?
False
Is 7861793 composite?
False
Is 104898631 a prime number?
False
Is 19654909 prime?
True
Is 12562859 a prime number?
False
Is 73067701 a prime number?
False
Is 275310233 a prime number?
False
Is 9528689 a prime number?
True
Is 48750071 prime?
False
Is 10495117 a prime number?
True
Is 1373249 prime?
False
Is 494784841 a composite number?
True
Is 7600391 a prime number?
True
Is 65970579 prime?
False
Is 1930237 prime?
True
Is 239190557 a composite number?
False
Is 1923919 composite?
True
Is 11452589 composite?
True
Is 2172431 composite?
True
Is 77463211 composite?
True
Is 56595523 composite?
True
Is 27644821 prime?
False
Is 6453037 a prime number?
True
Is 84471881 composite?
True
Is 1156997 a prime number?
True
Is 1563773 composite?
False
Is 29529637 prime?
True
Is 16009823 a composite number?
False
Is 30810431 a prime number?
False
Is 22699277 a composite number?
True
Is 76450477 a composite number?
False
Is 5709793 prime?
False
Is 2614253 a prime number?
False
Is 31844941 prime?
True
Is 1322501 composite?
False
Is 15260899 a prime number?
True
Is 3995557 prime?
True
Is 25244131 composite?
True
Is 184045271 a composite number?
False
Is 9000239 prime?
False
Is 12673867 a prime number?
False
Is 671162197 prime?
True
Is 7383583 a prime number?
False
Is 1328801 prime?
False
Is 83146667 a prime number?
True
Is 74721047 prime?
True
Is 2266421 a prime number?
False
Is 136862647 a composite number?
True
Is 31598609 prime?
False
Is 1340953 a prime number?
False
Is 2962363 composite?
True
Is 1111471723 prime?
True
Is 12154027 composite?
True
Is 77083991 composite?
True
Is 222136687 a prime number?
True
Is 79920557 prime?
True
Is 4153431 prime?
False
Is 249967687 prime?
False
Is 272957611 a composite number?
False
Is 291719 a prime number?
False
Is 709097 a composite number?
False
Is 4205861 a prime number?
False
Is 23977007 a composite number?
True
Is 53833553 composite?
False
Is 4082833 a prime number?
False
Is 4455805 prime?
False
Is 14161409 a prime number?
True
Is 179923753 a prime number?
True
Is 4346527 composite?
True
Is 23655889 composite?
True
Is 1072103 a composite number?
False
Is 13340995 composite?
True
Is 47882629 a composite number?
True
Is 63901535 prime?
False
Is 1093061 a prime number?
True
Is 10707077 composite?
False
Is 154252447 a composite number?
True
Is 43683929 prime?
False
Is 610009 a composite number?
True
Is 58967011 a composite number?
True
Is 4640029 prime?
False
Is 2429158 a prime number?
False
Is 1106843 prime?
False
Is 233834161 a prime number?
False
Is 103132951 prime?
False
Is 864895089 prime?
False
Is 13932953 a composite number?
False
Is 149011 a composite number?
False
Is 14588627 a prime number?
False
Is 62434933 a prime number?
False
Is 75287021 a composite number?
False
Is 3201617 a composite number?
False
Is 21836629 a composite number?
False
Is 29474227 composite?
True
Is 1628324167 a prime number?
True
Is 618941239 a composite number?
True
Is 44838187 composite?
True
Is 2601695 a prime number?
False
Is 11591869 composite?
False
Is 303727 a prime number?
True
Is 1183687 composite?
False
Is 29401703 prime?
True
Is 13306429 composite?
False
Is 389447 composite?
False
Is 2665445 composite?
True
Is 20050159 prime?
False
Is 37711659 prime?
False
Is 12477479 a composite number?
True
Is 12838549 composite?
False
Is 181484009 prime?
False
Is 1836155 a prime number?
False
Is 1568467 a prime number?
False
Is 1363053 a composite number?
True
Is 1000011 prime?
False
Is 4073101 a composite number?
False
Is 6649723 a composite number?
False
Is 103065071 prime?
True
Is 11562587 a prime number?
True
Is 16957439 composite?
False
Is 21821893 a prime number?
True
Is 15191522 a prime number?
False
Is 82163501 a prime number?
False
Is 8199181 prime?
True
Is 138547679 prime?
True
Is 1781431 a prime number?
False
Is 154903603 prime?
True
Is 822971 a composite number?
False
Is 280421 a composite number?
True
Is 12801323 a composite number?
True
Is 35329897 a composite number?
False
Is 397 prime?
True
Is 8005489 a prime number?
False
Is 2117139 a prime number?
False
Is 5045669 prime?
True
Is 5039821 a composite number?
False
Is 453311 a prime number?
True
Is 138679 prime?
True
Is 663940483 composite?
True
Is 447683 composite?
False
Is 1165587 a composite number?
True
Is 195731 a prime number?
True
Is 11083123 a composite number?
True
Is 20497877 a prime number?
True
Is 806865491 prime?
True
Is 1428811 a composite number?
False
Is 295666247 a composite number?
False
Is 61698127 composite?
False
Is 67626635 a prime number?
False
Is 233813 composite?
True
Is 7235207 composite?
True
Is 86758979 a prime number?
False
Is 19377581 prime?
True
Is 26894911 